. Let q be u(7). What is the highest common divisor of 14 and q?
14
Suppose 2 = 2*a, -d - 35 = -2*d + a. Let z be (-39)/(-15) + (-6)/10 + 7. Calculate the highest common factor of z and d.
9
Let f(c) = -c**2 - 13*c. Let k be f(-6). Let z = -15 + k. Suppose y = 4*x - 20 - 51, -3*x - y + 55 = 0. Calculate the greatest common divisor of x and z.
9
Suppose -4*i = b - 32, 5*i = -3*b - 2*b + 25. Calculate the highest common divisor of 5 and i.
1
Let p = 3 + -2. Suppose 0 = -n + p, 0*n - 2*n = u - 32. What is the highest common factor of 12 and u?
6
Let x(q) = 18*q - 2. Let w be x(1). Suppose 6*o - 8 - w = 0. Suppose y + 75 = 2*p, -p + 25 = o*y + 1. What is the greatest common divisor of 9 and p?
9
Let x(t) = 22*t + 4. Let a be x(6). Let l be (-4)/(-18) + a/36. Suppose l*r - 21 = r. What is the greatest common factor of 7 and r?
7
Let k = -22 - -13. Let u be 32/6*k/(-6). Suppose 3*j = 14*j - 11. What is the greatest common divisor of u and j?
1
Suppose 20*k = 15*k - 4*h + 348, -129 = -2*k - 5*h. Suppose -4*a = -a - 54. Calculate the greatest common factor of a and k.
18
Let h be 10/5 + 1 - 3. Let q be h/((-10)/(-15)*6). Suppose 3*d + 2*d = -4*w + 150, d + 5*w - 30 = q. What is the greatest common divisor of 12 and d?
6
Suppose -86 = -5*r + 124. Suppose 4*t + i = 30, -t + i + r = 4*t. Let h = t - -1. Calculate the highest common divisor of 18 and h.
9
Suppose -4*w = -8*w + 84. Suppose 35 = 5*x + 3*o, 8*x - 2*o = 5*x + w. Calculate the highest common divisor of 14 and x.
7
Suppose 6*g - g - 4*z + 23 = 0, -4*g = 3*z + 6. Let m(k) = k**3 + 5*k**2 + 3*k - 7. Let b be m(g). Calculate the greatest common factor of 18 and b.
2
Let k = 34 - 29. Suppose -k*q - 3*q = -56. What is the greatest common factor of 77 and q?
7
Suppose -6*s = -0*s + 12. Let a be 5/((-2)/s) - 1. Suppose -a = -4*u + 2*u. Calculate the highest common factor of 22 and u.
2
Let k(c) = -c**3 + 6*c**2 + 2*c + 4. Let g be k(3). Suppose 3*x = -2*o - 2*o - 125, 0 = -5*x + 5. Let z = o + g. What is the greatest common factor of z and 15?
5
Let j(m) = -2*m - 9. Let c be j(-8). Suppose 0 = u - c - 13. Let t = 30 - u. What is the highest common factor of 20 and t?
10
Suppose -5*z = -4*z + 7. Let m(y) = y**2 + 7*y + 4. Let d be m(z). Suppose 9*p - 10 = d*p. What is the greatest common divisor of 14 and p?
2
Suppose -55*d + 2898 = -34*d. What is the highest common divisor of 6 and d?
6
Let d(k) = k + 13. Let j be d(-6). Suppose 3*g - j*g - 3*c + 1335 = 0, -4*c + 324 = g. Calculate the greatest common divisor of 42 and g.
42
Suppose -a - 4*o = 7, -o - 5 = 2*a + 2. Let z(b) = 8*b**2 + b - 3. Let i be z(a). Suppose -w + i = -9. What is the highest common divisor of 30 and w?
15
Let x(b) = 5*b + 29. Let y(v) = 11*v + 59. Let h(p) = 13*x(p) - 6*y(p). Let s be h(7). Calculate the highest common divisor of 48 and s.
16
Let v = 105 + -88. Suppose 4*l - 84 = 4*x, 2*x - 5*x = 5*l - 73. Calculate the highest common factor of v and l.
17
Let q = -233 + 247. What is the greatest common factor of 70 and q?
14
Suppose -3*o = 2*z - 3*z + 860, -4*o - 863 = -z. What is the highest common divisor of 74 and z?
37
Let c be (91/(-21))/(1/3). Let n(h) = -h**2 - 11*h + 32. Let g be n(c). Calculate the highest common divisor of 3 and g.
3
Suppose 4*a + 3*h = 393, 2*a + 32*h = 28*h + 194. Suppose 4*x = -4*s + 32, -5*x + 53 = -x - 3*s. Calculate the highest common divisor of x and a.
11
Let i(c) = -c**2 + 14*c - 5. Let z(d) = d**2 - 13*d + 5. Let j(m) = 5*i(m) + 6*z(m). Let b be j(10). What is the greatest common factor of 5 and b?
5
Let m = 83 + -33. Suppose 4*j = 7*j - 30. Calculate the greatest common divisor of j and m.
10
Let y = -290 + 327. Calculate the highest common divisor of 407 and y.
37
Suppose -7*k - 5 - 23 = 0. Let j(y) = 2*y**2 + 6*y + 5. Let n be j(k). Suppose -4*f + 323 = -n. Calculate the greatest common factor of 42 and f.
42
Let l = -37 - -42. Suppose -l*b + 202 = -78. What is the greatest common factor of 8 and b?
8
Let w be -225*((-8)/2 - 0 - -3). Calculate the highest common divisor of 25 and w.
25
Let b = -51 - -54. Suppose -b*l + 936 = -3*u, -2*l + 7*l = u + 1544. Calculate the greatest common factor of 44 and l.
44
Let p(h) = 16*h**2 - 24*h + 5. Let v be p(4). Let y be 27/6*10/3. Calculate the greatest common factor of v and y.
15
Let y(b) = 6*b + 78. Let z be y(-15). Let f(r) = -r**2 - 12*r + 14. Let p be f(z). Calculate the greatest common factor of 126 and p.
14
Let g(d) = -d**3 - d**2 + 215. Let l be g(0). Suppose -l = -6*f + 109. What is the highest common factor of f and 36?
18
Let r(i) = 36. Let x(b) = -b - 108. Let z(h) = 11*r(h) + 4*x(h). Let c be z(-12). What is the highest common factor of 12 and c?
12
Let p be (3/(-6))/(10/(-20)). What is the greatest common divisor of p and 9?
1
Let l(a) = a**2 - 33*a + 12. Let s be l(0). Calculate the highest common factor of s and 141.
3
Let k = -1397 + 2007. Suppose -2*g = -5*v - 6*g + 650, k = 5*v - 4*g. Let r = 19 - 1. Calculate the highest common divisor of v and r.
18
Let n = -6 - -16. Suppose 0 = -5*d + 3*x + 18 + 57, -5*x - 30 = -2*d. Let m be (-20)/6*d/(-2). Calculate the greatest common divisor of n and m.
5
Let h be (-5508)/54*(16/(-6) - -2). What is the highest common divisor of h and 986?
34
Let n(c) = c**3 - 6*c**2 + 5*c. Let x be n(5). Suppose -j + x + 12 = 0. Let o be (1 + 0)*228/j. What is the highest common divisor of 76 and o?
19
Let o be (4 + 14)*((-20)/12 - -3). Suppose 17*u = 19*u - o. Calculate the highest common factor of u and 24.
12
Let n(t) = -3*t + 76. Let d be n(16). Suppose 0 = -4*h + 1083 - 299. What is the highest common factor of h and d?
28
Let k be 147/(-7)*(-2 + -5). Let u be 6*(k/(-6))/(-7). What is the greatest common factor of 21 and u?
21
Let f = -583 - -1073. What is the greatest common divisor of f and 10?
10
Let i(s) = -32*s**3 + 65*s**3 + 12*s**2 - s - 35*s**3 + 8. Let a be i(6). Calculate the highest common factor of 10 and a.
2
Suppose -17*p = -5057 - 2202. Calculate the greatest common factor of 21 and p.
7
Suppose n = 31 - 0. Let c be ((n - 2) + 1)/1. What is the highest common divisor of 20 and c?
10
Suppose -25 + 655 = 5*m. What is the greatest common divisor of 28 and m?
14
Let a(x) = x**3 - 22*x**2 - 23*x + 8. Let p be a(23). Let w(i) = -i**2 - i + 8. Let b be w(0). Calculate the greatest common factor of b and p.
8
Let g(p) = -4*p - 71. Let f be g(-22). Suppose f*z - 773 + 25 = 0. What is the greatest common factor of 110 and z?
22
Suppose 4*b = x + 360, 26*x - 25*x = -3*b + 263. What is the highest common factor of 1157 and b?
89
Let h = -42 + 64. Let n(l) = 32*l + 12. Let a be n(3). Let y = a + -86. What is the greatest common divisor of h and y?
22
Suppose i + 63 = 111. What is the highest common factor of i and 368?
16
Suppose 10 - 4 = 3*g. Suppose 115 = g*d - 237. Suppose -2*j = 0, j + d = -u + 5*u. What is the greatest common divisor of 11 and u?
11
Let d(c) be the second derivative of c**5/20 + c**4/12 + 99*c**2/2 + 5*c. Let g be d(0). What is the greatest common factor of 9 and g?
9
Suppose -5*o = -160 + 15. Let b be (-53)/(-3)*(2 + 1). Let n = 92 + b. What is the highest common factor of n and o?
29
Let k = 36 + -31. Suppose -k*h + 345 = 5*f, 7 = 4*h - 9. What is the highest common factor of 13 and f?
13
Let x(z) = -5*z - 3. Let w be x(-5). What is the greatest common factor of w and 121?
11
Let m = 70 - 34. Let o(q) be the first derivative of 3*q**2 - 3*q + 4. Let z be o(2). Calculate the greatest common factor of m and z.
9
Let z(l) = l**2 + 2*l + 41. Let v be z(11). Calculate the highest common factor of v and 16.
8
Let r = -116 + 124. Let t = -154 - -156. Calculate the greatest common factor of r and t.
2
Suppose 0 = 2308*y - 2300*y - 208. What is the highest common factor of y and 26?
26
Let p(u) = u**2 + 12*u - 75. Let a be p(-18). What is the greatest common factor of a and 6?
3
Let i be (19/2)/(35/(-10) + 4). What is the highest common factor of 3 and i?
1
Let g be 89995/50 + 1/10. What is the highest common factor of 144 and g?
72
Let z be (27/6)/((-6)/(-8)). Suppose -3*m - 2*d + 6 = 0, 0 = 4*m - 2*m - 4*d - 4. Calculate the greatest common factor of m and z.
2
Let x(g) = -2*g**2 - g + 1. Let u be x(1). Let c(d) = d + 6. Let o be c(u). Calculate the greatest common divisor of 4 